ime factors of v.
3, 7, 43
Suppose -9*r - 107 - 1 = 0. What are the prime factors of ((-348)/r + -11)*(73 - -1)?
2, 3, 37
Suppose 3*b - 216 = 2*x, 105 = 3*b - 5*x - 120. Let q(h) = -19*h**2 + 207*h + 44. Let s be q(11). Let i = b + s. What are the prime factors of i?
2, 23
Let m = 141064 - 81942. What are the prime factors of m?
2, 7, 41, 103
List the prime factors of 2969/((-4)/(-12 + 0)).
3, 2969
Let b = 78 + -75. Let a be b*(-40)/18*15/10. What are the prime factors of (984/30)/((-4)/a)?
2, 41
Suppose 4*i = 3*i + 5. Suppose i*y = -2*h - 16, -3*h - 2*y + 14 = -4*y. Suppose -h*z + 134 = -c - 52, -459 = -5*z + c. List the prime factors of z.
7, 13
Let h = -2 - 4. Let o(v) = -15*v + 11. Let a(i) = i. Let l(r) = h*a(r) - o(r). List the prime factors of l(12).
97
Suppose 9 = 2*a + a - g, 5*a + 5*g = -5. Suppose -2 = 2*h - 3*x + 11, -a*x + 14 = -2*h. List the prime factors of 11/44 + (-38)/h.
5
Let q = 16646 + -8240. What are the prime factors of q?
2, 3, 467
Let h(a) = 14*a + 16. Let m be h(4). Let t = -46 + m. Let z = t - -24. List the prime factors of z.
2, 5
Let i be (-1 - (-1883)/13) + (-34)/(-221). Let c = i + -51. List the prime factors of c.
3, 31
Let q(y) = 4*y**2 + 7*y + 7. Let t be q(-1). Suppose 0 = 14*d + t*d - 4626. What are the prime factors of d?
257
Suppose 3*d + 3*w - 3647 - 20614 = 0, 0 = -3*d + 5*w + 24237. What are the prime factors of d?
2, 43, 47
Let u = 9 + -18. Let s be (-40)/15*u/12. Suppose 6 = 3*o, s*q - 34 = 4*o + 22. What are the prime factors of q?
2
Let s(x) be the second derivative of 121*x**3/6 - 128*x**2 - 76*x - 2. List the prime factors of s(14).
2, 719
Let q(j) = 199*j + 264. List the prime factors of q(15).
3, 19
Let i = -36 - -569. Suppose 7*p - i = 6*p. What are the prime factors of p?
13, 41
Let m(z) = -15109*z - 9714. What are the prime factors of m(-5)?
65831
Let h(x) = -x**3 + 10*x**2 + 3*x - 18. Suppose -6*q + 30 = -60. Suppose 0 = 5*l + 2*f - 37, -3*l + 4*f = -28 - q. List the prime factors of h(l).
2, 3, 5
Suppose 113365 + 136274 - 10439 = 130*g. What are the prime factors of g?
2, 5, 23
Let s(y) = y**2 + 7*y - 25. Let a be s(-9). Let j(c) = -12*c + 11. List the prime factors of j(a).
5, 19
Let p = 57 - 39. Let y(s) = -27 + 39 - p + 15*s. What are the prime factors of y(2)?
2, 3
Let z(n) = -n**3 + 5*n**2 + 4*n. Let m be z(6). Let w be (3 + 39/m)*0. Suppose 7*j + 0*j - 343 = w. What are the prime factors of j?
7
Let a(c) = -11*c + 5*c**2 - 9*c - 47 - 4*c**2. Let i be a(22). List the prime factors of 39*4 + (3 - (i - -6)).
2, 3, 13
Let a = 834 + 782. What are the prime factors of a?
2, 101
Let i be (2/(-4))/((-18)/(-648)). Let x(q) = q**2 - 15*q - 11. What are the prime factors of x(i)?
11, 53
Let l(a) = -3*a - 12. Suppose 3*g + 12 = -3. Let d be l(g). What are the prime factors of (0 + 22/d)/(62/837)?
3, 11
Let j = -40882 - -104772. List the prime factors of j.
2, 5, 6389
Let g = -601 - -149. Let p = g + 692. List the prime factors of p.
2, 3, 5
Let x(c) = c**3 - 5*c**2 - 3*c - 13. Let v be x(6). Suppose v*f - 5*s = -61 + 696, 0 = -f - 5*s + 139. Let g = f + -69. List the prime factors of g.
2, 3, 5
Suppose 147*p - 2716651 = 325563 - 715645. What are the prime factors of p?
7, 17, 19
Let u(a) = a**3 - 9*a**2 + 19*a - 1. Let d be u(6). Let v be (5 - d)/2 + 1. What are the prime factors of (2502/(-18))/(v*(-1 + 0))?
139
Let f = -376 - -834. Suppose 5*p + 5*j - 1377 + 232 = 0, 3*j + f = 2*p. List the prime factors of p.
229
Let s = -12163 - -29137. List the prime factors of s.
2, 3, 23, 41
Let i be ((-26)/26)/(3/(-594)). Let p(o) = 9*o**3 - 2*o**2 - 3*o - 1. Let v be p(-2). Let f = i + v. What are the prime factors of f?
3, 41
Let w(r) = 2*r**3 + 78*r**2 + 2*r + 81. Let g be w(-39). Suppose -5*v = g*t - 1978, -2*v - 6*t + 2*t + 794 = 0. List the prime factors of v.
5, 79
Suppose -3*t = -p + 39699, 991 = -p - 4*t + 40690. List the prime factors of p.
3, 11, 401
Let t = -17 - -299. Suppose 636 = 2*s - t. What are the prime factors of s?
3, 17
List the prime factors of ((-1)/7 - 554599/322)*-4.
2, 5, 13, 53
Let w(f) = 807*f + 283. List the prime factors of w(4).
3511
List the prime factors of ((-5281075)/6100)/(1/(-4)*1).
3463
Suppose 11*u = 10 + 34. Suppose 0 = -m + 1, 0*f + u*f = 4*m + 4. Suppose f*j = 4 - 2, 3*b = -j + 430. List the prime factors of b.
11, 13
Suppose 0*l + 25 = -5*l. Let a(c) be the third derivative of c**5/60 - 5*c**3/6 + 9*c**2. List the prime factors of a(l).
2, 5
Let o be 4*(-6 - (-66)/12). What are the prime factors of ((-136)/(-51))/(o/(-216))?
2, 3
Suppose 12*j = 5*j - 28. List the prime factors of 30 + (6 - 5)*j.
2, 13
Let t = 439 - 428. Suppose 0 = 32*d + t*d - 473. List the prime factors of d.
11
Suppose 59*j = 57*j + 2*f + 10862, 3*f - 5419 = -j. What are the prime factors of j?
2, 23, 59
Let p = -111 - -213. Suppose -2*f + 44 = -0*f + 2*m, -3*f + 5*m = -66. Let k = f + p. What are the prime factors of k?
2, 31
Let y(n) = -32 + 1 - 11 + 11*n. Let m be y(4). What are the prime factors of (41670/(-12))/(-15) + (-3)/m?
2, 5, 23
Let y(s) = -43*s**3 - 18*s**2 - 45*s - 10. What are the prime factors of y(-7)?
2, 3, 1181
Let t(j) = 4*j**2 + 18*j + 11. Suppose -7*g = -14*g + 42. What are the prime factors of t(g)?
263
Let d be ((-20)/50)/(3/(-30)). Suppose 5*j - d*o - 303 = 2856, -j + 634 = -3*o. What are the prime factors of j?
631
Suppose -5*x = 4*z - 69248, -2*z + 6*z - 69248 = -4*x. What are the prime factors of z?
2, 541
Suppose 0*k - 23 = 2*d - k, 5*d - 3*k + 59 = 0. Let r be 2/d - (-378)/90. Suppose -r*a - 360 = -4*o, -4*o + 356 = -0*a - 2*a. List the prime factors of o.
2, 11
Let o(c) = 4*c**2 - 168*c + 2296. What are the prime factors of o(115)?
2, 8969
Suppose 0 = 146*y - 175*y + 1374948. What are the prime factors of y?
2, 3, 439
Let n be (1 + 4)/(130/104). List the prime factors of ((-7008)/(-80))/(n/50).
3, 5, 73
Suppose 27*i - 65834 = 7687. List the prime factors of i.
7, 389
Let z be ((-2 - -3) + 0)*-191. Suppose -24*s = 27*s - 14229. Let b = z + s. What are the prime factors of b?
2, 11
Let i(c) be the second derivative of 13*c**4/12 - 11*c**3/6 - 3*c**2 + 20*c. Let v be i(-12). List the prime factors of (-3)/12 + v/24.
83
Suppose -46*o + 12397539 = 241*o. What are the prime factors of o?
3, 7, 11, 17
Let y(h) = 76*h + 197. Let m be y(12). Let s = 1575 - m. List the prime factors of s.
2, 233
List the prime factors of -5 + ((-109476)/6 - 2)*(-2 + 1).
3, 2027
Suppose -29325 = -3*x + 2*w, 14*x - 5*w - 39114 = 10*x. What are the prime factors of x?
3, 3257
Suppose -215870 - 149758 = -16*i + 94708. List the prime factors of i.
28771
List the prime factors of (0 - 46)/((28/550)/(-7)).
5, 11, 23
Let b(c) = -c**2 + 6*c + 6115. Let x be b(0). List the prime factors of 3/(8 - 48905/x).
1223
Suppose 0 = 3*a - 3, -2*a - 11 = -2*i - 3*a. Suppose -15 = -i*x - 0*x. Suppose 5*j - l = 4*l + 575, -5*l = -x*j + 335. List the prime factors of j.
2, 3, 5
Suppose 2*a = 2*p + 7962 + 1300, 3*a - 2*p - 13899 = 0. What are the prime factors of a?
4637
Let r(w) = 7*w**2 + 49*w - 58. Let k(v) = -3*v**2 - 24*v + 29. Let c(b) = 9*k(b) + 4*r(b). Let m be c(19). Suppose 7*o - m*o = -90. List the prime factors of o.
2, 3, 5
Suppose 0 = -56*k + 11918 + 38314. List the prime factors of k.
3, 13, 23
Let z be 7 + -10 + (-133 - 2). Let h = z - -368. What are the prime factors of h?
2, 5, 23
Let y(j) = j**2 - 9*j + 22. Suppose 4*a - 4*s - 60 = 0, 25 = 2*a - 0*s + 3*s. Let p be y(a). Let b = p + 93. What are the prime factors of b?
5, 37
List the prime factors of 37297 + (1 - (-6)/4)/((-45)/108).
89, 419
Let v = 13488 + -8031. List the prime factors of v.
3, 17, 107
Suppose 2*y + 4*c = -906 + 2552, 3*y + 2*c - 2465 = 0. Let a = -461 + y. List the prime factors of a.
2, 3, 5
Let l(y) = y**2 - y + 17. Let q be l(5). Suppose -q*j + 11439 = -28*j. List the prime factors of j.
31, 41
What are the prime factors of (-262)/((-4)/(-1414)*-7)?
101, 131
Let b(k) = k**2 - 15*k + 13. Let z(o) = -14*o + 1. Let g(s) = -2*s + 19. Let v be g(10). Let u be z(v). List the prime factors of b(u).
13
Suppose -4*p - 3*z = 3, p - 3*z = 9 + 9. Let r be 497 - (9/p + -1). Suppose r = j + 4*j. List the prime factors of j.
3, 11
Suppose -4*i = -p - 7, 5*i - p + 5*p - 35 = 0. Suppose i*j - 11*j + 760 = 0. What are the prime factors